 factors of 610/c*a/(-5).
61
Suppose 13*y - 15*y - 4*k + 1316 = 0, -4*y + 2587 = -k. List the prime factors of y.
2, 3
Let x(v) = 2*v**3 - 17*v**2 + 39*v - 7. What are the prime factors of x(14)?
5, 7, 11
Let g(x) = -x**3 - 7*x**2 - 3*x - 1. Let h(r) = -2*r**2 + 4*r - 1. Let n be h(3). Let p be g(n). What are the prime factors of -1*p/(-4) - 0?
5
Let k = -55 - -51. Let o(d) = 3*d**2 - 2*d - 6. List the prime factors of o(k).
2, 5
Let w = 435 + -307. Suppose w = 7*r - 3*r. What are the prime factors of r?
2
Let x = -7 - -13. What are the prime factors of (-8)/x*(-315)/6?
2, 5, 7
Let n = -304 - -272. Let p(x) = 3*x**2 - 10*x + 4. Let i be p(7). Let j = i + n. What are the prime factors of j?
7
Let j(z) = z - 5. Let q be j(9). Suppose 4*v = q*h + 16, 2*h - 6*h - v = 26. What are the prime factors of 38 - (h + 1 + 3)?
2, 5
Let r be (1/2)/((-3)/(-18)). Let j = r + -8. What are the prime factors of (-21)/j - (-4)/(-20)?
2
Let d = 481 - 267. Let u = d - 10. List the prime factors of u.
2, 3, 17
Let m(t) = 22*t**3 - t**2 + 1. Suppose -f - 2*j - 8 = 0, -4*j + 2*j = -2*f - 28. Let b be 14/6 - (-16)/f. What are the prime factors of m(b)?
2, 11
Let w be -7 + 435 + (2 - 1). Let z = 734 - w. What are the prime factors of z?
5, 61
Suppose -2*k - 306 + 1484 = 0. List the prime factors of k.
19, 31
Let p(m) = -2*m - 12. Let z be p(-7). Let g be 7/4 + z/8. Suppose 66 - 8 = 2*y - h, 2*h = g*y - 62. List the prime factors of y.
3
Let y(q) be the first derivative of q**3/3 + q**2/2 + 3*q - 1. Let z be y(0). List the prime factors of (-5 - -9) + (z - 2).
5
Let l be 9/3 - 0/(-1). Suppose -45 = 2*f - l*f. What are the prime factors of f?
3, 5
Let s(d) = d**3 - d**2 - 2*d - 3. Let m be s(3). Suppose 3 = 3*y - m. Suppose -i + 3*i + y*x = 0, -5*i + 4*x = -42. What are the prime factors of i?
2, 3
List the prime factors of (2 + 5)/(7/882).
2, 3, 7
Let s(y) be the third derivative of y**5/15 + y**4/2 + y**3/6 - 4*y**2. What are the prime factors of s(-5)?
41
Let w(p) = 2*p**2 - 8*p - 10. Let g be w(11). Suppose -3*n + 7*n = -g. Let f = -17 - n. List the prime factors of f.
19
Let b(p) = 2*p**3 - 4*p**2 - 9*p - 11. Let a be b(6). Let l = -73 + a. What are the prime factors of l?
2, 3, 5
Let w be (2 - 17)*(-1)/((-5)/2). Let r(m) be the second derivative of -4*m**3/3 + 5*m**2/2 + m. List the prime factors of r(w).
53
Let c(v) = 2*v**2 + 3*v - 6. Suppose 3*y = -3*w + 27, 0*y + 5*w + 3 = 3*y. Suppose -3*r + y = -0*r, -5*h = 3*r - 26. List the prime factors of c(h).
2, 19
Suppose 0 = -4*n - x + 26 + 14, 0 = -4*n + 2*x + 52. Suppose k - 3 + n = 0. List the prime factors of 1/4 - 262/k.
3, 11
Suppose -f - 13 = -19. Let k(c) = -4*c**2 - 8*c + 3. Let b(d) = -d**2 + d. Let m(l) = 5*b(l) - k(l). List the prime factors of m(f).
3, 13
Let t(g) = 14*g + 6. Let b be t(9). Let c = b + -18. List the prime factors of (-3)/(-2) - c/(-12).
11
Suppose 1060 = -25*u + 29*u. What are the prime factors of u?
5, 53
List the prime factors of 2 - (-46 + -1513)/((-2)/(-2)).
7, 223
Let v = 654 - 227. List the prime factors of v.
7, 61
Suppose -7*q - 2*m = -2*q - 29, -5*m = -4*q + 43. Let b = q - -64. What are the prime factors of b?
71
Suppose -q + 1160 = 5*m, -3*q + 38*m - 33*m + 3540 = 0. List the prime factors of q.
5, 47
Suppose -3*g + 7*o = 4*o - 3957, -5*g - 5*o + 6575 = 0. List the prime factors of g.
3, 439
Let i(f) = -3*f**2 + 2*f + 3. Let k be i(-3). Let g = k + 81. What are the prime factors of g?
3, 17
Let f be (-5 - -2)*3/(-9) - 130. Let d = 15 - f. What are the prime factors of d?
2, 3
Suppose -4*o - 2 + 18 = 0. Suppose 4*x = 2*k - o*k + 52, 18 = 2*x + 5*k. Let b = x - -16. List the prime factors of b.
2, 3, 5
Suppose 47619 = 20*v + 19*v. What are the prime factors of v?
3, 11, 37
Let h = 34 + 606. List the prime factors of h.
2, 5
Suppose -a + 44 = 5*h, -2*h + 37 + 43 = 2*a. Suppose w - 60 = a. List the prime factors of w.
3, 11
Let z(c) = c**3 + 7*c**2 + 8*c + 7. Let i(g) = 2*g**3 + 14*g**2 + 17*g + 13. Let a(s) = -3*i(s) + 7*z(s). What are the prime factors of a(-6)?
2
What are the prime factors of 79/(-1501) + (-7411)/(-19)?
2, 3, 5, 13
Let c(t) = -6*t - 3. Let v be c(18). Let l = 219 + v. What are the prime factors of l?
2, 3
Let d(s) = 1036*s**2 + 3*s + 4. What are the prime factors of d(1)?
7, 149
Let k = 12 - 9. Let a be 13 - 6 - (k - 0). Suppose -4*c = 4*v - 52, -a*c - c = -v + 43. List the prime factors of v.
2, 3
Let i be 2 - (16/64 - (-1058)/(-8)). Let a = i + 49. What are the prime factors of a?
3, 61
Suppose -3*u = 5*q - 3, 2*u + 0*u = 5*q - 23. Suppose q*r = 4*t - 8, -2*r + 8 = 4*t - 7*r. List the prime factors of t.
2
Suppose -34 = -n + 5*s + 204, 0 = -5*n - 4*s + 1219. List the prime factors of n.
3
Let g(z) = 147*z**2 - 5*z - 4. Let u be g(-1). Let p = u - 52. List the prime factors of p.
2, 3
Let d(y) = 26*y**2 - 6*y - 5. Let b be d(-2). Suppose 3*c - 2*k - 3*k = b, 5*c - 4*k - 198 = 0. List the prime factors of c.
2, 3, 7
Let y(n) = -n**2 + 1. Let x be y(1). Suppose x*g + 152 = g - 2*w, 3*g + 5*w = 434. What are the prime factors of g?
2, 37
List the prime factors of 2/6 - 3800/(-120).
2
List the prime factors of 228/8*(-3)/(9/(-58)).
19, 29
Let x(s) be the second derivative of s**5/20 + 13*s**4/12 + 3*s**3 - 11*s**2/2 - 24*s. List the prime factors of x(-10).
109
List the prime factors of 2583/6 + (-20)/(-8).
433
Suppose 2*y = b + 21 + 177, 2*y = 4*b + 186. Let f = 232 - y. List the prime factors of f.
131
Suppose -2*v = -0*v. Let h be v + (-42 - 3) + 0. Let q = h + 93. What are the prime factors of q?
2, 3
Suppose n - 196 = 89. What are the prime factors of n?
3, 5, 19
Let v = -1113 - -1859. List the prime factors of v.
2, 373
Let t = 18 - 11. Let y(k) = k**3 - 7*k**2 + 2*k - 5. What are the prime factors of y(t)?
3
Suppose -154 = -8*k - 18. List the prime factors of ((-12 - 0)/(-4) - -1) + k.
3, 7
Let p(n) = -5*n - 52. Let d be p(-12). List the prime factors of 654/(-4)*d/(-6).
2, 109
Let c be (-3)/6 - (-18)/4. Let p be (5/4)/(c/16). Suppose 45 = p*t - 0*t. What are the prime factors of t?
3
Suppose -2*x + 2*f - 20 = 0, -5*x - 73 = 5*f - 3. Let l = x + 62. List the prime factors of l.
2, 5
Let o(s) = 4*s - 6*s**2 + 11 - 3*s + 6*s - 2*s**2 - s**3. Let q be o(-9). Let z = q - 6. What are the prime factors of z?
23
Let f = 619 - 226. What are the prime factors of f?
3, 131
Let r be -3 + 13 + -4 - 4. Suppose -5*l = -4*n - 180, 4*n + 55 = r*l - n. Let d = -31 + l. What are the prime factors of d?
3
Let j be 2 + (-2 - -3) - 1. Let f = 128 - 124. Suppose x + j*x = f*y - 86, 0 = y - 4*x - 15. List the prime factors of y.
23
Let t = -760 - -1552. List the prime factors of t.
2, 3, 11
What are the prime factors of ((-464)/6)/1*1152/(-64)?
2, 3, 29
Suppose 3*f - 2*v = 8 - 1, 3*f + 5*v = 14. Let m = -21 - -24. Suppose f*j = -m*j + 420. List the prime factors of j.
2, 5, 7
List the prime factors of -7 + 11/(44/9344).
17, 137
Suppose 178*k - 174*k = 804. List the prime factors of k.
3, 67
Let p = -34 - -34. Let h(l) = -306*l - 1. Let a be h(-1). Suppose -d + 6*d - a = p. What are the prime factors of d?
61
Let u be -1 + -1 + (-10 - 397). Let c = 639 + u. What are the prime factors of c?
2, 5, 23
Let t(v) = -28*v + 9. Let g be t(-17). What are the prime factors of g/(-5)*-2 + -2?
2, 3
Let l be 1/((-120)/124 + 1). Suppose 0 = -2*s + 107 + l. What are the prime factors of s?
3, 23
Let s be 3 + -6 + (-200 - 1). Let u be 3/6 - s/8. Suppose u = l + l. List the prime factors of l.
13
Let j = 2561 - 1355. List the prime factors of j.
2, 3, 67
Suppose 4*r - 251 = 13. Let i = -153 + 265. Let u = i - r. What are the prime factors of u?
2, 23
Let i(p) = p**3 - 25*p**2 + 31*p - 39. Let g = -24 - -48. What are the prime factors of i(g)?
3, 43
Suppose -4*n - 1188 = 2*v - 6878, 5*v - 14195 = -4*n. Let z be 2/(-11) - v/77. Let m = z - -55. What are the prime factors of m?
2, 3
Suppose 2*x + 2 - 5 = t, 4*t = 4*x + 4. Suppose -x*f + 24 = -0*f. What are the prime factors of (8/(-14))/(f/(-21))?
2
List the prime factors of (-2184)/(-9)*27/12.
2, 3, 7, 13
Let s(b) = -4*b + 5. Let t be s(6). Let y = t + 22. Suppose 0 = -y*k + 5*k - 8. What are the prime factors of k?
2
Let i = 1549 - -53. List the prime factors of i.
2, 3, 89
Let d = -28 + 20. Let q(p) = -4*p + 4. List the prime factors of q(d).
2